{"id":14,"date":"2014-02-05T12:53:55","date_gmt":"2014-02-05T12:53:55","guid":{"rendered":"http:\/\/www.docexplore.eu\/?page_id=14"},"modified":"2014-06-24T13:01:54","modified_gmt":"2014-06-24T13:01:54","slug":"francais-documentation","status":"publish","type":"page","link":"https:\/\/www.docexplore.eu\/?page_id=14","title":{"rendered":"<!--:en-->Documentation<!--:--><!--:fr-->Documentation<!--:-->"},"content":{"rendered":"<p><!--:en-->&nbsp;<\/p>\n<div class=\"de-section\"><strong>Video tutorials and presentations<\/strong><br \/>\n&nbsp;<\/p>\n<p><center><\/p>\n<p><b>How to create a DocExplore presentation<\/b><br \/>\n<iframe loading=\"lazy\" src=\"\/\/www.youtube.com\/embed\/qitIRSTcR5E\" height=\"315\" width=\"420\" allowfullscreen=\"\" frameborder=\"0\"><\/iframe><br \/>\n<i>This video shows the easiest way to create an interactive presentation. It does not cover however all the features of the tool chain. Take a look at the other videos to get a better idea of what can be done.<\/i><\/p>\n<p>&nbsp;<\/p>\n<p><b>How to manage a collection of augmented books<\/b><br \/>\n<iframe loading=\"lazy\" src=\"\/\/www.youtube.com\/embed\/0sapBTc5gKg\" height=\"315\" width=\"420\" allowfullscreen=\"\" frameborder=\"0\"><\/iframe><br \/>\n<i>This video shows the basics of managing a collection of augmented books. Using this method will enable you to create presentations in a more powerful way than shown in the previous tutorial.<\/i><\/p>\n<p>&nbsp;<\/p>\n<p><b>How to create a presentation from an augmented book<\/b><br \/>\n<iframe loading=\"lazy\" width=\"420\" height=\"315\" src=\"\/\/www.youtube.com\/embed\/CH105CMLfbY\" frameborder=\"0\" allowfullscreen><\/iframe><br \/>\n<i>This video shows how to create a presentation based on an augmented book built in the managment tool. It is the preferred way of creating presentations since it offers tools to filter and automate the creation process.<\/i><\/p>\n<p><\/center><\/p>\n<\/div>\n<p>&nbsp;<\/p>\n<div class=\"de-section\"><strong>Documentation and guides<\/strong><br \/>\n<br \/>\n<a href=\"manual\">Online Reference Manual<\/a><br \/>\n<br \/>\n<i>More coming very soon!<\/i><\/div>\n<p><!--:--><!--:fr--><\/p>\n<div class=\"de-section\">\n<strong>Tutoriels et pr\u00e9sentations vid\u00e9o<\/strong><\/p>\n<p><center><\/p>\n<p><b>Comment cr\u00e9er une pr\u00e9sentation DocExplore<\/b><br \/>\n<iframe loading=\"lazy\" width=\"420\" height=\"315\" src=\"\/\/www.youtube.com\/embed\/qitIRSTcR5E\" frameborder=\"0\" allowfullscreen><\/iframe><br \/>\n<i>Cette vid\u00e9o montre la m\u00e9thode la plus simple pour cr\u00e9er des pr\u00e9sentations interactives. Elle ne couvre pas toutes les fonctionnalit\u00e9s de la suite logicielle. Regardez les autres vid\u00e9os pour vous faire une meilleure id\u00e9e des possibilit\u00e9s offertes.<\/i><\/p>\n<p><\/p>\n<p><b>Comment g\u00e9rer une collection de manuscrits augment\u00e9s<\/b><br \/>\n<iframe loading=\"lazy\" width=\"420\" height=\"315\" src=\"\/\/www.youtube.com\/embed\/0sapBTc5gKg\" frameborder=\"0\" allowfullscreen><\/iframe><br \/>\n<i>Cette vid\u00e9o illustre les bases de la gestion de collection de livres augment\u00e9s. Cette approche va vous permettre de cr\u00e9er des pr\u00e9sentations d&#8217;une fa\u00e7on plus versatile qu&#8217;illustr\u00e9e dans la vid\u00e9o pr\u00e9c\u00e9dente.<\/i><\/p>\n<p><\/p>\n<p><b>Comment cr\u00e9er une pr\u00e9sentation \u00e0 partir d&#8217;un livre augment\u00e9<\/b><br \/>\n<iframe loading=\"lazy\" width=\"420\" height=\"315\" src=\"\/\/www.youtube.com\/embed\/CH105CMLfbY\" frameborder=\"0\" allowfullscreen><\/iframe><br \/>\n<i>Cette vid\u00e9o montre comment cr\u00e9er une pr\u00e9sentation bas\u00e9e sur un livre augment\u00e9 construit dans l&#8217;outil de gestion. C&#8217;est la m\u00e9thode de cr\u00e9ation de pr\u00e9sentation recommand\u00e9e car elle offre des outils pour filtrer et automatiser le processus.<\/i><\/p>\n<p><\/center><\/p>\n<\/div>\n<p><\/p>\n<div class=\"de-section\">\n<strong>Documentation et guides<\/strong><br \/>\n<i>Disponible tr\u00e8s prochainement!<\/i><\/p>\n<\/div>\n<p><!--:--><\/p>\n","protected":false},"excerpt":{"rendered":"<p>&nbsp; Video tutorials and presentations &nbsp; How to create a DocExplore presentation This video shows the easiest way to create an interactive presentation. It does not cover however all the features of the tool chain. Take a look at the &hellip; <a href=\"https:\/\/www.docexplore.eu\/?page_id=14\">Continue reading <span class=\"meta-nav\">&rarr;<\/span><\/a><\/p>\n","protected":false},"author":1,"featured_media":0,"parent":0,"menu_order":2,"comment_status":"closed","ping_status":"closed","template":"","meta":{"footnotes":""},"class_list":["post-14","page","type-page","status-publish","hentry"],"_links":{"self":[{"href":"https:\/\/www.docexplore.eu\/index.php?rest_route=\/wp\/v2\/pages\/14","targetHints":{"allow":["GET"]}}],"collection":[{"href":"https:\/\/www.docexplore.eu\/index.php?rest_route=\/wp\/v2\/pages"}],"about":[{"href":"https:\/\/www.docexplore.eu\/index.php?rest_route=\/wp\/v2\/types\/page"}],"author":[{"embeddable":true,"href":"https:\/\/www.docexplore.eu\/index.php?rest_route=\/wp\/v2\/users\/1"}],"replies":[{"embeddable":true,"href":"https:\/\/www.docexplore.eu\/index.php?rest_route=%2Fwp%2Fv2%2Fcomments&post=14"}],"version-history":[{"count":17,"href":"https:\/\/www.docexplore.eu\/index.php?rest_route=\/wp\/v2\/pages\/14\/revisions"}],"predecessor-version":[{"id":250,"href":"https:\/\/www.docexplore.eu\/index.php?rest_route=\/wp\/v2\/pages\/14\/revisions\/250"}],"wp:attachment":[{"href":"https:\/\/www.docexplore.eu\/index.php?rest_route=%2Fwp%2Fv2%2Fmedia&parent=14"}],"curies":[{"name":"wp","href":"https:\/\/api.w.org\/{rel}","templated":true}]}}